{"id":10320,"date":"2025-11-27T20:00:05","date_gmt":"2025-11-27T20:00:05","guid":{"rendered":"https:\/\/mlg.co.mz\/?post_type=product&#038;p=10320"},"modified":"2025-11-27T20:00:05","modified_gmt":"2025-11-27T20:00:05","slug":"amazfit-active-2-square","status":"publish","type":"product","link":"https:\/\/mlg.co.mz\/index.php\/product\/amazfit-active-2-square\/","title":{"rendered":"Amazfit Active 2 Square"},"content":{"rendered":"<h2 data-start=\"61\" data-end=\"100\"><strong data-start=\"64\" data-end=\"100\">Amazfit Active 2 Square\u00a0<\/strong><\/h2>\n<ul>\n<li data-start=\"104\" data-end=\"177\">Design premium: corpo quadrado em <strong data-start=\"138\" data-end=\"156\">a\u00e7o inoxid\u00e1vel<\/strong> + <strong data-start=\"159\" data-end=\"175\">vidro safira<\/strong><\/li>\n<li data-start=\"180\" data-end=\"234\">Ecr\u00e3 AMOLED 1.75\u2033 (390\u00d7450 px) com at\u00e9 <strong data-start=\"219\" data-end=\"232\">2000 nits<\/strong><\/li>\n<li data-start=\"237\" data-end=\"267\">Resist\u00eancia \u00e0 \u00e1gua <strong data-start=\"256\" data-end=\"265\">5 ATM<\/strong><\/li>\n<li data-start=\"270\" data-end=\"291\">Peso leve (~31,4 g)<\/li>\n<\/ul>\n<h3 data-start=\"293\" data-end=\"306\"><strong data-start=\"297\" data-end=\"306\">Sa\u00fade<\/strong><\/h3>\n<ul>\n<li data-start=\"309\" data-end=\"330\">BioTracker\u2122 6.0 PPG<\/li>\n<li data-start=\"333\" data-end=\"399\">Monitoriza\u00e7\u00e3o 24h: card\u00edaca, SpO\u2082, estresse, temperatura da pele<\/li>\n<li data-start=\"402\" data-end=\"434\">Monitoriza\u00e7\u00e3o avan\u00e7ada do sono<\/li>\n<\/ul>\n<h3 data-start=\"436\" data-end=\"452\"><strong data-start=\"440\" data-end=\"452\">Desporto<\/strong><\/h3>\n<ul>\n<li data-start=\"455\" data-end=\"483\"><strong data-start=\"455\" data-end=\"481\">160+ modos desportivos<\/strong><\/li>\n<li data-start=\"486\" data-end=\"537\">Treino de for\u00e7a inteligente (detec\u00e7\u00e3o autom\u00e1tica)<\/li>\n<li data-start=\"540\" data-end=\"552\">Modo HYROX<\/li>\n<li data-start=\"555\" data-end=\"592\">GPS com 5 sat\u00e9lites + mapas offline<\/li>\n<\/ul>\n<h3 data-start=\"594\" data-end=\"609\"><strong data-start=\"598\" data-end=\"609\">Bateria<\/strong><\/h3>\n<ul>\n<li data-start=\"612\" data-end=\"621\">260 mAh<\/li>\n<li data-start=\"624\" data-end=\"654\">At\u00e9 <strong data-start=\"628\" data-end=\"639\">10 dias<\/strong> (uso t\u00edpico)<\/li>\n<li data-start=\"657\" data-end=\"681\">At\u00e9 19 dias (economia)<\/li>\n<li data-start=\"684\" data-end=\"704\">GPS cont\u00ednuo ~21 h<\/li>\n<\/ul>\n","protected":false},"excerpt":{"rendered":"<p>Amazfit Active 2 Square\u00a0 Design premium: corpo quadrado em a\u00e7o inoxid\u00e1vel + vidro safira Ecr\u00e3 AMOLED 1.75\u2033 (390\u00d7450 px) com at\u00e9 2000 nits Resist\u00eancia \u00e0 \u00e1gua 5 ATM Peso leve (~31,4 g) Sa\u00fade BioTracker\u2122 6.0 PPG Monitoriza\u00e7\u00e3o 24h: card\u00edaca, SpO\u2082, estresse, temperatura da pele Monitoriza\u00e7\u00e3o avan\u00e7ada do sono Desporto 160+ modos desportivos Treino de for\u00e7a [&hellip;]<\/p>\n","protected":false},"featured_media":10291,"comment_status":"open","ping_status":"closed","template":"","meta":[],"product_brand":[],"product_cat":[189],"product_tag":[],"class_list":{"0":"post-10320","1":"product","2":"type-product","3":"status-publish","4":"has-post-thumbnail","6":"product_cat-cat-smartwatch","8":"first","9":"instock","10":"shipping-taxable","11":"purchasable","12":"product-type-simple"},"_links":{"self":[{"href":"https:\/\/mlg.co.mz\/index.php\/wp-json\/wp\/v2\/product\/10320","targetHints":{"allow":["GET"]}}],"collection":[{"href":"https:\/\/mlg.co.mz\/index.php\/wp-json\/wp\/v2\/product"}],"about":[{"href":"https:\/\/mlg.co.mz\/index.php\/wp-json\/wp\/v2\/types\/product"}],"replies":[{"embeddable":true,"href":"https:\/\/mlg.co.mz\/index.php\/wp-json\/wp\/v2\/comments?post=10320"}],"wp:featuredmedia":[{"embeddable":true,"href":"https:\/\/mlg.co.mz\/index.php\/wp-json\/wp\/v2\/media\/10291"}],"wp:attachment":[{"href":"https:\/\/mlg.co.mz\/index.php\/wp-json\/wp\/v2\/media?parent=10320"}],"wp:term":[{"taxonomy":"product_brand","embeddable":true,"href":"https:\/\/mlg.co.mz\/index.php\/wp-json\/wp\/v2\/product_brand?post=10320"},{"taxonomy":"product_cat","embeddable":true,"href":"https:\/\/mlg.co.mz\/index.php\/wp-json\/wp\/v2\/product_cat?post=10320"},{"taxonomy":"product_tag","embeddable":true,"href":"https:\/\/mlg.co.mz\/index.php\/wp-json\/wp\/v2\/product_tag?post=10320"}],"curies":[{"name":"wp","href":"https:\/\/api.w.org\/{rel}","templated":true}]}}