{"id":10348,"date":"2025-11-29T20:19:09","date_gmt":"2025-11-29T20:19:09","guid":{"rendered":"https:\/\/mlg.co.mz\/?post_type=product&#038;p=10348"},"modified":"2025-11-29T20:19:09","modified_gmt":"2025-11-29T20:19:09","slug":"capa-magnetica-slim-em-fibra-de-carbono","status":"publish","type":"product","link":"https:\/\/mlg.co.mz\/index.php\/product\/capa-magnetica-slim-em-fibra-de-carbono\/","title":{"rendered":"Capa Magn\u00e9tica Slim em Fibra de Carbono"},"content":{"rendered":"<h2 data-start=\"79\" data-end=\"167\"><strong data-start=\"82\" data-end=\"167\">Capa Magn\u00e9tica Slim em Fibra de Carbono \u2013 KY-06 (Para iPhone 14\/15\/16\/17 Pro Max)<\/strong><\/h2>\n<ul>\n<li data-start=\"171\" data-end=\"220\"><strong data-start=\"171\" data-end=\"184\">Material:<\/strong> Fibra de carbono texturizada + PC<\/li>\n<li data-start=\"223\" data-end=\"252\"><strong data-start=\"223\" data-end=\"234\">Estilo:<\/strong> Luxo \/ Business<\/li>\n<li data-start=\"255\" data-end=\"277\"><strong data-start=\"255\" data-end=\"275\">Caracter\u00edsticas:<\/strong><\/li>\n<\/ul>\n<ol>\n<li data-start=\"282\" data-end=\"321\">Magn\u00e9tica (compat\u00edvel com acess\u00f3rios)<\/li>\n<li data-start=\"326\" data-end=\"345\">\u00c0 prova de choque<\/li>\n<li data-start=\"350\" data-end=\"367\">Efeito luminoso<\/li>\n<\/ol>\n<ul>\n<li data-start=\"370\" data-end=\"437\"><strong data-start=\"370\" data-end=\"390\">Compatibilidade:<\/strong> iPhone 14 \/ 15 \/ 16 \/ 17 (incluindo Pro Max)<\/li>\n<li data-start=\"440\" data-end=\"473\"><strong data-start=\"440\" data-end=\"449\">Tipo:<\/strong> Capa r\u00edgida ultrafina<\/li>\n<li data-start=\"476\" data-end=\"515\"><strong data-start=\"476\" data-end=\"488\">Suporte:<\/strong> Anel magn\u00e9tico integrado<\/li>\n<\/ul>\n<h3 data-start=\"517\" data-end=\"539\"><strong data-start=\"521\" data-end=\"539\">Especifica\u00e7\u00f5es<\/strong><\/h3>\n<ul>\n<li data-start=\"542\" data-end=\"561\"><strong data-start=\"542\" data-end=\"553\">Modelo:<\/strong> KY-06<\/li>\n<li data-start=\"564\" data-end=\"584\"><strong data-start=\"564\" data-end=\"574\">Marca:<\/strong> Neutral<\/li>\n<li data-start=\"587\" data-end=\"617\"><strong data-start=\"587\" data-end=\"598\">Origem:<\/strong> Guangdong, China<\/li>\n<li data-start=\"620\" data-end=\"655\"><strong data-start=\"620\" data-end=\"631\">Design:<\/strong> Luxo, textura premium<\/li>\n<li data-start=\"658\" data-end=\"672\"><strong data-start=\"658\" data-end=\"670\">Fun\u00e7\u00f5es:<\/strong><\/li>\n<\/ul>\n<ol>\n<li data-start=\"677\" data-end=\"696\">Prote\u00e7\u00e3o completa<\/li>\n<li data-start=\"701\" data-end=\"722\">Prote\u00e7\u00e3o anti-queda<\/li>\n<\/ol>\n","protected":false},"excerpt":{"rendered":"<p>Capa Magn\u00e9tica Slim em Fibra de Carbono \u2013 KY-06 (Para iPhone 14\/15\/16\/17 Pro Max) Material: Fibra de carbono texturizada + PC Estilo: Luxo \/ Business Caracter\u00edsticas: Magn\u00e9tica (compat\u00edvel com acess\u00f3rios) \u00c0 prova de choque Efeito luminoso Compatibilidade: iPhone 14 \/ 15 \/ 16 \/ 17 (incluindo Pro Max) Tipo: Capa r\u00edgida ultrafina Suporte: Anel magn\u00e9tico [&hellip;]<\/p>\n","protected":false},"featured_media":10338,"comment_status":"open","ping_status":"closed","template":"","meta":[],"product_brand":[],"product_cat":[278],"product_tag":[],"class_list":{"0":"post-10348","1":"product","2":"type-product","3":"status-publish","4":"has-post-thumbnail","6":"product_cat-mobile-cases","8":"first","9":"instock","10":"shipping-taxable","11":"purchasable","12":"product-type-simple"},"_links":{"self":[{"href":"https:\/\/mlg.co.mz\/index.php\/wp-json\/wp\/v2\/product\/10348","targetHints":{"allow":["GET"]}}],"collection":[{"href":"https:\/\/mlg.co.mz\/index.php\/wp-json\/wp\/v2\/product"}],"about":[{"href":"https:\/\/mlg.co.mz\/index.php\/wp-json\/wp\/v2\/types\/product"}],"replies":[{"embeddable":true,"href":"https:\/\/mlg.co.mz\/index.php\/wp-json\/wp\/v2\/comments?post=10348"}],"wp:featuredmedia":[{"embeddable":true,"href":"https:\/\/mlg.co.mz\/index.php\/wp-json\/wp\/v2\/media\/10338"}],"wp:attachment":[{"href":"https:\/\/mlg.co.mz\/index.php\/wp-json\/wp\/v2\/media?parent=10348"}],"wp:term":[{"taxonomy":"product_brand","embeddable":true,"href":"https:\/\/mlg.co.mz\/index.php\/wp-json\/wp\/v2\/product_brand?post=10348"},{"taxonomy":"product_cat","embeddable":true,"href":"https:\/\/mlg.co.mz\/index.php\/wp-json\/wp\/v2\/product_cat?post=10348"},{"taxonomy":"product_tag","embeddable":true,"href":"https:\/\/mlg.co.mz\/index.php\/wp-json\/wp\/v2\/product_tag?post=10348"}],"curies":[{"name":"wp","href":"https:\/\/api.w.org\/{rel}","templated":true}]}}